r when 23270647 is divided by 4074.
4033
What is the remainder when 1638692 is divided by 259?
258
What is the remainder when 8877197 is divided by 164392?
29
Calculate the remainder when 82771288 is divided by 685.
683
Calculate the remainder when 164306 is divided by 331.
130
What is the remainder when 5083759 is divided by 31?
7
What is the remainder when 1986854 is divided by 397329?
209
Calculate the remainder when 388788 is divided by 1556.
1344
Calculate the remainder when 128303 is divided by 63872.
559
Calculate the remainder when 1382413 is divided by 6710.
153
Calculate the remainder when 4768 is divided by 1366.
670
Calculate the remainder when 15045544 is divided by 65.
59
Calculate the remainder when 567930 is divided by 103.
91
What is the remainder when 7751 is divided by 550?
51
Calculate the remainder when 166268875 is divided by 166268857.
18
What is the remainder when 3506907 is divided by 674?
85
Calculate the remainder when 144181259 is divided by 60.
59
Calculate the remainder when 142061 is divided by 17742.
125
Calculate the remainder when 3384687 is divided by 13431.
75
Calculate the remainder when 558664 is divided by 9311.
4
What is the remainder when 300279 is divided by 792?
111
Calculate the remainder when 514612 is divided by 303.
118
Calculate the remainder when 62545493 is divided by 705.
8
Calculate the remainder when 11287612 is divided by 376249.
142
Calculate the remainder when 40374213 is divided by 2743.
2739
Calculate the remainder when 131879 is divided by 694.
19
What is the remainder when 20931 is divided by 5173?
239
What is the remainder when 82778084 is divided by 12?
8
What is the remainder when 1137942 is divided by 23?
17
What is the remainder when 125471701 is divided by 4647100?
1
Calculate the remainder when 308604 is divided by 115.
59
Calculate the remainder when 2162486 is divided by 290.
246
What is the remainder when 92824 is divided by 807?
19
What is the remainder when 14554 is divided by 11661?
2893
Calculate the remainder when 148672 is divided by 92.
0
Calculate the remainder when 58517641 is divided by 45.
1
Calculate the remainder when 17380948 is divided by 57.
52
What is the remainder when 624849 is divided by 104132?
57
Calculate the remainder when 69735541 is divided by 1515990.
1
What is the remainder when 640863511 is divided by 1039?
1038
What is the remainder when 7921944 is divided by 440108?
0
What is the remainder when 93425 is divided by 23304?
209
Calculate the remainder when 1276021 is divided by 115991.
120
Calculate the remainder when 1579185 is divided by 121.
14
What is the remainder when 793244 is divided by 396607?
30
Calculate the remainder when 14077831 is divided by 563113.
6
What is the remainder when 1372133 is divided by 59?
29
What is the remainder when 5068155 is divided by 107833?
4
What is the remainder when 23838340 is divided by 345483?
13
Calculate the remainder when 45122672 is divided by 11.
1
What is the remainder when 7415668 is divided by 23?
8
Calculate the remainder when 3221303 is divided by 1073762.
17
Calculate the remainder when 23959847 is divided by 50.
47
Calculate the remainder when 972627 is divided by 11153.
2316
Calculate the remainder when 109813 is divided by 200.
13
Calculate the remainder when 26499166 is divided by 67.
63
What is the remainder when 5674112 is divided by 2711?
2700
Calculate the remainder when 1937720 is divided by 129181.
5
What is the remainder when 134412 is divided by 477?
375
Calculate the remainder when 328283 is divided by 20517.
11
What is the remainder when 3663013 is divided by 1033?
1028
Calculate the remainder when 2414506 is divided by 657.
31
Calculate the remainder when 109595331 is divided by 1842.
15
Calculate the remainder when 2641946 is divided by 880645.
11
What is the remainder when 269648 is divided by 29?
6
What is the remainder when 99848 is divided by 16201?
2642
Calculate the remainder when 244264524 is divided by 81421508.
0
What is the remainder when 37145 is divided by 12178?
611
What is the remainder when 227826 is divided by 1675?
26
Calculate the remainder when 17186595 is divided by 26.
23
What is the remainder when 22890 is divided by 6391?
3717
Calculate the remainder when 697001 is divided by 69572.
1281
Calculate the remainder when 23466 is divided by 7675.
441
Calculate the remainder when 7193579 is divided by 117.
68
What is the remainder when 240247 is divided by 120059?
129
What is the remainder when 95733 is divided by 10609?
252
Calculate the remainder when 978038 is divided by 97802.
18
Calculate the remainder when 80404608 is divided by 46130.
18
What is the remainder when 831249 is divided by 831191?
58
Calculate the remainder when 390774 is divided by 82.
44
Calculate the remainder when 7600695 is divided by 1520124.
75
Calculate the remainder when 116860560 is divided by 267.
0
Calculate the remainder when 2064618 is divided by 10.
8
Calculate the remainder when 1057044 is divided by 232.
52
Calculate the remainder when 227568 is divided by 45489.
123
Calculate the remainder when 83708 is divided by 181.
86
Calculate the remainder when 94097 is divided by 5147.
1451
Calculate the remainder when 20330 is divided by 319.
233
Calculate the remainder when 796652 is divided by 24134.
230
What is the remainder when 3281857 is divided by 54?
7
Calculate the remainder when 370334 is divided by 2193.
1910
What is the remainder when 54555624 is divided by 2361?
2358
What is the remainder when 1402591 is divided by 1924?
1919
Calculate the remainder when 4164131 is divided by 277608.
11
Calculate the remainder when 277438 is divided by 132.
106
What is the remainder when 19123 is divided by 9531?
61
Calculate the remainder when 22778737 is divided by 2914.
2913
What is the remainder when 12661 is divided by 95?
26
Calculate the remainder when 2602827 is divided by 42667.
140
What is the remainder when 170912 is divided by 1995?
1337
What is the remainder when 3192249 is divided by 52329?
180
What is the remainder when 43624 is divided by 21357?
910
What is the remainder when 5056082 is divided by 131?
6
Calculate the remainder when 1779204 is divided by 4.
0
Calculate the remainder when 5112640 is divided by 365182.
92
What is the remainder when 43033 is divided by 7949?
3288
What is the remainder when 131320 is divided by 65225?
870
What is the remainder when 2399178 is divided by 35?
33
Calculate the remainder when 502290 is divided by 192.
18
What is the remainder when 6787675 is divided by 218957?
8
Calculate the remainder when 4970425 is divided by 694.
691
Calculate the remainder when 23523244 is divided by 5544.
52
What is the remainder when 11679353 is divided by 1782?
125
What is the remainder when 25617680 is divided by 882?
872
What is the remainder when 38282 is divided by 11090?
5012
Calculate the remainder when 37520 is divided by 651.
413
What is the remainder when 1774163 is divided by 98?
69
Calculate the remainder when 47718 is divided by 70.
48
What is the remainder when 149965 is divided by 1000?
965
Calculate the remainder when 282780 is divided by 93264.
2988
Calculate the remainder when 63172 is divided by 15764.
116
What is the remainder when 4267463 is divided by 150?
113
What is the remainder when 584431 is divided by 3476?
463
Calculate the remainder when 119937593 is divided by 107.
9
Calculate the remainder when 3519334 is divided by 935.
929
What is the remainder when 188195314 is divided by 7?
6
Calculate the remainder when 361177 is divided by 37.
20
What is the remainder when 8994650 is divided by 479?
467
Calculate the remainder when 159407 is divided by 272.
15
Calculate the remainder when 78851 is divided by 1151.
583
What is the remainder when 175553 is divided by 1671?
98
What is the remainder when 664559 is divided by 8104?
31
Calculate the remainder when 10562430 is divided by 1171.
10
Calculate the remainder when 28058 is divided by 2464.
954
Calculate the remainder when 327543649 is divided by 175.
174
Calculate the remainder when 510297 is divided by 961.
6
What is the remainder when 12567891 is divided by 374?
369
Calculate the remainder when 1199687 is divided by 1408.
71
Calculate the remainder when 2776198 is divided by 